{"id":1620,"date":"2023-02-14T19:59:22","date_gmt":"2023-02-14T19:59:22","guid":{"rendered":"https:\/\/nienna-alwee.fr\/?post_type=product&#038;p=1620"},"modified":"2023-02-14T20:14:41","modified_gmt":"2023-02-14T20:14:41","slug":"article-les-bougies-en-sorcellerie","status":"publish","type":"product","link":"https:\/\/nienna-alwee.fr\/?product=article-les-bougies-en-sorcellerie","title":{"rendered":"Article \u2013 Les bougies en sorcellerie"},"content":{"rendered":"<p><span style=\"font-weight: 400;\">Les articles anciennement disponibles au premier palier Patreon sont des documents d\u2019environ douze pages (parfois un peu moins). Ils abordent mes r\u00e9flexions th\u00e9oriques et pratiques sur des sujets tr\u00e8s vari\u00e9s autour de la sorcellerie et du paganisme.<\/span><\/p>\n<p><span style=\"font-weight: 400;\">Au c\u0153ur de cet article, vous d\u00e9couvrirez :<\/span><\/p>\n<ul>\n<li style=\"font-weight: 400;\" aria-level=\"1\"><span style=\"font-weight: 400;\">L\u2019histoire de la bougie, ses diff\u00e9rentes symboliques \u00e9sot\u00e9riques et spirituelles.<\/span><\/li>\n<li style=\"font-weight: 400;\" aria-level=\"1\"><span style=\"font-weight: 400;\">Le rapport \u00e0 la D\u00e9esse Art\u00e9mis dans l\u2019antiquit\u00e9 grecque<\/span><\/li>\n<li style=\"font-weight: 400;\" aria-level=\"1\"><span style=\"font-weight: 400;\">La pr\u00e9sentation de mancies des bougies : la Lychomancie et la C\u00e9romancie.<\/span><\/li>\n<li style=\"font-weight: 400;\" aria-level=\"1\"><span style=\"font-weight: 400;\">La pr\u00e9sentation des couleurs et de leurs correspondances pour cr\u00e9er vos propres bougies.<\/span><\/li>\n<\/ul>\n<p><span style=\"font-weight: 400;\">Article du palier Z\u00e9nith du Patreon n\u00b07 d\u2019Eunoia \u2013 F\u00e9vrier 2022<\/span><\/p>\n","protected":false},"excerpt":{"rendered":"<p>Article de neuf pages sur les bougies en sorcellerie \u2013 F\u00e9vrier 2022\/ Patreon Eunoia N\u00b07 \u2013 Palier Z\u00e9nith \u2013 Nienna Alwee<\/p>\n","protected":false},"featured_media":1621,"comment_status":"open","ping_status":"closed","template":"","meta":{"om_disable_all_campaigns":false,"_uag_custom_page_level_css":"","_monsterinsights_skip_tracking":false,"_monsterinsights_sitenote_active":false,"_monsterinsights_sitenote_note":"","_monsterinsights_sitenote_category":0,"site-sidebar-layout":"default","site-content-layout":"default","ast-global-header-display":"","ast-main-header-display":"","ast-hfb-above-header-display":"","ast-hfb-below-header-display":"","ast-hfb-mobile-header-display":"","site-post-title":"","ast-breadcrumbs-content":"","ast-featured-img":"","footer-sml-layout":"","theme-transparent-header-meta":"default","adv-header-id-meta":"","stick-header-meta":"","header-above-stick-meta":"","header-main-stick-meta":"","header-below-stick-meta":""},"product_cat":[35],"product_tag":[82,84,88,89,83,87,86,85],"aioseo_notices":[],"uagb_featured_image_src":{"full":["https:\/\/nienna-alwee.fr\/wp-content\/uploads\/2023\/02\/Miniatures-boutique-1.png",1080,1080,false],"thumbnail":["https:\/\/nienna-alwee.fr\/wp-content\/uploads\/2023\/02\/Miniatures-boutique-1-150x150.png",150,150,true],"medium":["https:\/\/nienna-alwee.fr\/wp-content\/uploads\/2023\/02\/Miniatures-boutique-1-300x300.png",300,300,true],"medium_large":["https:\/\/nienna-alwee.fr\/wp-content\/uploads\/2023\/02\/Miniatures-boutique-1-768x768.png",768,768,true],"large":["https:\/\/nienna-alwee.fr\/wp-content\/uploads\/2023\/02\/Miniatures-boutique-1-1024x1024.png",1024,1024,true],"1536x1536":["https:\/\/nienna-alwee.fr\/wp-content\/uploads\/2023\/02\/Miniatures-boutique-1.png",1080,1080,false],"2048x2048":["https:\/\/nienna-alwee.fr\/wp-content\/uploads\/2023\/02\/Miniatures-boutique-1.png",1080,1080,false],"woocommerce_thumbnail":["https:\/\/nienna-alwee.fr\/wp-content\/uploads\/2023\/02\/Miniatures-boutique-1-300x300.png",300,300,true],"woocommerce_single":["https:\/\/nienna-alwee.fr\/wp-content\/uploads\/2023\/02\/Miniatures-boutique-1-600x600.png",600,600,true],"woocommerce_gallery_thumbnail":["https:\/\/nienna-alwee.fr\/wp-content\/uploads\/2023\/02\/Miniatures-boutique-1-100x100.png",100,100,true]},"uagb_author_info":{"display_name":"Nienna Alwee","author_link":"https:\/\/nienna-alwee.fr\/?author=0"},"uagb_comment_info":0,"uagb_excerpt":"Article de neuf pages sur les bougies en sorcellerie \u2013 F\u00e9vrier 2022\/ Patreon Eunoia N\u00b07 \u2013 Palier Z\u00e9nith \u2013 Nienna Alwee","_links":{"self":[{"href":"https:\/\/nienna-alwee.fr\/index.php?rest_route=\/wp\/v2\/product\/1620"}],"collection":[{"href":"https:\/\/nienna-alwee.fr\/index.php?rest_route=\/wp\/v2\/product"}],"about":[{"href":"https:\/\/nienna-alwee.fr\/index.php?rest_route=\/wp\/v2\/types\/product"}],"replies":[{"embeddable":true,"href":"https:\/\/nienna-alwee.fr\/index.php?rest_route=%2Fwp%2Fv2%2Fcomments&post=1620"}],"wp:featuredmedia":[{"embeddable":true,"href":"https:\/\/nienna-alwee.fr\/index.php?rest_route=\/wp\/v2\/media\/1621"}],"wp:attachment":[{"href":"https:\/\/nienna-alwee.fr\/index.php?rest_route=%2Fwp%2Fv2%2Fmedia&parent=1620"}],"wp:term":[{"taxonomy":"product_cat","embeddable":true,"href":"https:\/\/nienna-alwee.fr\/index.php?rest_route=%2Fwp%2Fv2%2Fproduct_cat&post=1620"},{"taxonomy":"product_tag","embeddable":true,"href":"https:\/\/nienna-alwee.fr\/index.php?rest_route=%2Fwp%2Fv2%2Fproduct_tag&post=1620"}],"curies":[{"name":"wp","href":"https:\/\/api.w.org\/{rel}","templated":true}]}}